 factors of c.
3, 7, 19
Let r(n) = n**3 - 15*n**2 - 8*n - 2. Let w be r(14). Let m be (10/(-2))/(10/w). Let y = m + -40. What are the prime factors of y?
5, 23
Let n(c) = 3538*c - 83. What are the prime factors of n(4)?
11, 1279
Suppose 6*p - 3570 = 1254. Suppose -4*m = -2*b + 1638, -5*m + p = b - 2*m. List the prime factors of b.
3, 271
Suppose -30*k = -514367 - 334336 - 1441497. List the prime factors of k.
2, 5, 11, 347
Suppose 64*w - 33255 = 35*w + 373006. List the prime factors of w.
14009
Suppose 4*j - 109 = -5*v, 6*v = -4*j + 11*v + 59. What are the prime factors of (-125)/1*(-5)/(15/j)?
5, 7
Let o(h) = 2*h**3 - 21*h**2 + 27*h + 5. Let a be o(9). List the prime factors of -1986*(a + -3)/(-12 + 6).
2, 331
Let l(g) = 146*g**2 - 131*g - 1679. List the prime factors of l(-14).
28771
Let b = -18334 - -32072. List the prime factors of b.
2, 6869
Suppose -2*j - 6 = -30. Suppose -j = -5*s + 2*s + 3*k, -20 = 2*s + 5*k. Suppose s = -2*d - 177 + 505. List the prime factors of d.
2, 41
Suppose 40 = 3*i - 7*i. Let y = -4 - i. Suppose -4*h - 67 = -5*z + y, -h - 31 = -2*z. List the prime factors of z.
17
Let p(q) = 33*q**2 - 1. Let n = -19 - -21. Let g be 2/4 - (-3)/n. What are the prime factors of p(g)?
131
Suppose 60*q + 50*q = 1661622 + 1640798. List the prime factors of q.
2, 17, 883
Let m be (-1068)/12 - (-1)/(1/(-2)). Let z = 201 + m. List the prime factors of 13/(13/z) + -1.
109
Let u(v) = 415*v - 99. Let k(p) = 207*p - 53. Let f(x) = -7*k(x) + 4*u(x). What are the prime factors of f(6)?
17, 73
Let k(m) = -7*m + 33. Let r be k(-5). Let i be 8/r + (-402)/(-51). Suppose -9*c = -i*c - 63. List the prime factors of c.
3, 7
Suppose -11*l = -187490 - 110500. Suppose 2*d - 23*d + l = 0. What are the prime factors of d?
2, 3, 5, 43
Suppose 4758 + 2191 = 5*w - 4*p, 5*w - 6940 = -5*p. List the prime factors of w.
3, 463
Suppose x = -0 + 4. Suppose -x*r + 24 - 8 = 0. List the prime factors of ((-9)/r)/((-430)/(-72) + -6).
3
Suppose 2*a - 11 + 3 = 0. Let o be 34/((-2)/(-24)*a). Let s = o - 23. List the prime factors of s.
79
Let p be 420/((-9)/3)*(-192)/(-40). What are the prime factors of (201/(-12))/(28/p)?
2, 3, 67
Suppose n - 3*w - 1 = 2, 3*n + 3*w = -51. What are the prime factors of (-6 - 464/n)/(2/3)?
7
Suppose 0 = 81*i + 80*i - 1470091. What are the prime factors of i?
23, 397
Let s be 128/40 - (-2)/(-10). Let o be s - (-161 + -4)*1. Suppose -5*f + o = r, 3*f - 112 = -0*r + 5*r. List the prime factors of f.
2, 17
Suppose -3*k = 10 - 37. Suppose 15*b = k*b + 1164. List the prime factors of b.
2, 97
Let y = -24 + 27. Suppose -y*i + 3 + 3 = 3*p, 0 = -5*i - 3*p + 14. What are the prime factors of i/18 - 4*214/(-36)?
2, 3
Let k = -39 - -61. Suppose 350 = 5*p - 3*p. Let f = p - k. What are the prime factors of f?
3, 17
Suppose -4*u + 4*c + 263 = 59, u = -4*c + 76. Suppose 35*v = u*v - 12096. What are the prime factors of v?
2, 3
Suppose 14 + 16 = 30*n. Suppose -j + 0 = 4, -3*d - 3*j + 3 = 0. List the prime factors of n/((-2)/((-450)/d)).
3, 5
Let j = 208 + -205. Suppose 354 - 2296 = -3*l + 2*f, 5*l + j*f = 3224. What are the prime factors of l?
2, 17, 19
Let x = 394 - 392. Suppose -5*p - 2957 = -x*j, j + p = -p + 1456. What are the prime factors of j?
2, 733
Suppose -32*i + 14*i = -17*i - 35665. List the prime factors of i.
5, 7, 1019
Let w be (8/(-6))/((-112)/134484). Let n = -1098 + w. List the prime factors of n.
503
Suppose -101*l + 157143 + 247275 = -181483. List the prime factors of l.
5801
Let f = -225 - -155. Suppose -c - 411 = -4*u, 2*u - c - 4*c = 219. Let z = u + f. What are the prime factors of z?
2
Let a(v) = -v**2 - 20*v - 39. Let d(c) = 2*c - 30. Let b be d(6). Let p be a(b). List the prime factors of 1*(-177)/9*p.
59
Suppose 3*z = 3*i - 6, -i + 3*i - 22 = 5*z. Let b be -3 + 0 + (-24)/z. Let r(m) = 84*m**2 + 2*m - 1. What are the prime factors of r(b)?
5, 17
Let s be 48/36*(-3930)/40*1. Let n(w) = -273*w**3 + w**2 + w + 1. Let x be n(-1). Let i = s + x. List the prime factors of i.
11, 13
Suppose 0 = z - 3*a + 1244, 0*a + a - 2493 = 2*z. Let v = -661 - z. What are the prime factors of v?
2, 293
Let a(x) = 10*x + 30. Let j(u) = -5*u - 15. Let t(o) = 2*a(o) + 5*j(o). Suppose l + 26 = -3*l - 2*q, -4*l = 3*q + 25. List the prime factors of t(l).
2, 5
Let n(g) = -104*g + 905. List the prime factors of n(-58).
7, 991
Let s = 796 + -568. What are the prime factors of ((-828)/30)/(5 + s/(-45))?
2, 3, 23
Let d be 5 + (5 - (9 - 3)). Suppose -4*j + 1914 = 6*m - 9*m, -d*m - 2392 = -5*j. List the prime factors of j.
2, 3, 5
Let f(m) = 139*m + 3102. List the prime factors of f(0).
2, 3, 11, 47
Let g(y) = -y**2 - 24*y + 38. Let p be g(-28). Let w = p + 79. Suppose b - 6*b + 471 = -m, 5*m + 455 = w*b. What are the prime factors of b?
5, 19
Let n(g) = -g**2 - 45*g + 90. Let v be n(-24). Let u = v + -525. List the prime factors of u.
3, 23
Let l(z) = 27*z**2 + 2*z - 2. Suppose 2*t = 3*d + 83, -3*d + 2*t = -5*d - 52. Let y = -25 - d. What are the prime factors of l(y)?
2, 5, 11
What are the prime factors of (-40)/(-110) + 191748/132?
1453
Suppose -5*y + 4505 = 3*x, -2*y + 5 = -3*y. Suppose 4*r = 5*s + x, 2*s + 3*r + 581 = -0*s. Let j = s - -479. List the prime factors of j.
181
Suppose 15 + 10 = 5*n. Let g be n - (4 - (0 + 4)). Suppose -g*b + 5*c + 705 = 0, b + 4*c + 284 = 3*b. List the prime factors of b.
2, 5, 7
Suppose 3*s + 4*k = 35931, 35925 = 3*s + 671*k - 669*k. List the prime factors of s.
3, 13, 307
Let h be (1 - 2*-7) + (40 - 44). Suppose -728 = -h*q - 222. What are the prime factors of q?
2, 23
Suppose -68*i + 493372 + 1098372 = 0. List the prime factors of i.
2, 7, 11, 19
Suppose -20041 = -2*t + 4*h - 2755, 7*t - 60556 = 3*h. List the prime factors of t.
17, 509
Let l(c) = -c**3 + 12*c**2 - 2*c - 1. Let s = -82 - -90. List the prime factors of l(s).
239
Suppose -1571*g = -1565*g - 36. Suppose 0 = g*i - 8829 + 2883. List the prime factors of i.
991
Suppose -n = 4*c - 1362, 4*n - 7*n = -4*c - 4070. What are the prime factors of n?
2, 7, 97
Suppose 3*q + 6 = 0, 5*a - a - 28 = 2*q. Let z(i) = 3*i**3 + 2*i**2 + i + 4. Let c be z(a). Suppose -9*x + c = -4*x. List the prime factors of x.
2, 73
Let i = 32594 - 17756. What are the prime factors of i?
2, 3, 2473
What are the prime factors of 68*(-3417)/(-66) + 6/(-11)?
2, 5, 11
Let o(h) = 35*h + 15. Let c(z) = 2*z**2 + 36*z + 13. Let a(r) = 3*c(r) - 2*o(r). What are the prime factors of a(-16)?
937
Let a = -9668 + 28125. List the prime factors of a.
18457
Let g be 6/3 - -4 - 4. Suppose g = -3*x - 25. Let d = 29 + x. What are the prime factors of d?
2, 5
Let a be (1 + 448)/(-4 - -5). Suppose 443*r + 5028 = a*r. What are the prime factors of r?
2, 419
Suppose -3*z + 215 = 4*s - 467, 4*z + 5*s - 908 = 0. Let u be (-3)/(-9) + z/9. What are the prime factors of u + 6*10/(-15)?
3, 7
Let y be ((-22)/33)/((21/54)/(-7)). Suppose -6*x = -9*x + y. Suppose -823 = -4*p + 3*m, 0 = -p - x*m + 177 + 24. List the prime factors of p.
5, 41
Suppose u - 4*f - 14463 = 0, -2*u + 12*u - 144343 = -f. List the prime factors of u.
5, 2887
Let n(l) = 4*l**3 - 5*l**3 - 6 + l**2 - 2*l**2 + 4. Let a be n(-2). Suppose -z = -5*s - 84 - 38, -4*z + 488 = -a*s. List the prime factors of z.
2, 61
Let x(d) = 1441*d**2 + d - 12. Let v be x(2). Suppose 2*n - 1826 = 3*t - v, -5224 = -4*t - 4*n. What are the prime factors of t?
2, 3, 109
Let i be 122 + (-4 - -10) + -1. Let m = 247 - i. List the prime factors of m.
2, 3, 5
Let k = -43 - -25. Suppose s + m + 4 = -9, 3*m + 15 = -s. Let y = s - k. List the prime factors of y.
2, 3
List the prime factors of -5 + ((-78)/(-6) - -34177).
3, 5, 43, 53
Let l(t) = 19*t - 19. Let v be l(-6). Let j = -260 + -6. Let u = v - j. What are the prime factors of u?
7, 19
Suppose 6*a - a + 5*s - 20 = 0, -a + 2*s - 2 = 0. Let r = -742 - -397. List the prime factors of (r/6)/(a/(-4)).
5, 23
Let o(i) = 25*i + 44*i - 20*i**2 - 94 - 22*i**2 + 41*i**2. What are the prime factors of o(29)?
2, 13, 41
Let l = 26087 - 15564. What are the prime factors of l?
17, 619
Suppose 5*z + 3230 + 5030 = 0. Let t be 6/27 + z/(-18). Suppose 3*j = -2*n - t + 574, 1205 = 5*n - j. List the prime factors of n.
241
Let m(g) = -3*g**2 + 16*g + 13. Let b be m(6). Suppose 3*x - 11 = 5*l + 5, 0 = -2*x - l + 2. Suppose 0 = -x*z + 167 - b. What 